 + -18 + (9266 - 9259).
-12
What is -6 - ((1 - 23) + (15 - 11))?
12
What is the value of (-1 - -5 - 6) + 8 - 6?
0
Evaluate (-24 - (-12 - (-4 + 2))) + -9.
-23
(-45 - -36) + (5 - (-3 - (4 + 12)))
15
Calculate -10 + (-10 - (-10 - (-3 - -4)) - -21).
12
Evaluate (-6 - 2) + (-10 - (-25 + 14)).
-7
What is -24 + (40 - (6 + 10))?
0
Evaluate (2 - 1 - 3) + 194 + -185 + 5.
12
Evaluate 9 + (-2 - 6 - -6 - 13).
-6
What is -14 - (16 + -11 + -23)?
4
What is the value of (-9 - (46 + -65)) + (-11 - 1)?
-2
What is the value of 22 + 2 + -23 + (-2 + 2 - 33)?
-32
Calculate 45 + (-7 - 18) + -4.
16
What is -9 + (34 - 16) + -7?
2
Evaluate -20 - (0 + -19) - -18.
17
Calculate (163 - 202) + (10 - 3) - (-2 + 8).
-38
Evaluate -3 + -4 + 4 + -14 + 10 + 36.
29
What is 14 - ((1 - (-1 - 5)) + (-4 - -3))?
8
Calculate -11 - ((13 - 48) + 12 - 4).
16
What is the value of -34 + (-1 - -20) - (-3 + 12 - 0)?
-24
Evaluate 4 - ((-11 - -32) + -9 + 8).
-16
(-8 - (5 + -3) - -2) + 1
-7
What is the value of -44 + (8 + 29 - 15)?
-22
What is the value of 8 + (-586 + 582 - (0 + 18 + 1))?
-15
What is the value of 4 + (5 - (-12 - -15))?
6
What is the value of -14 + (53 + -27 - 19)?
-7
20 + -1 + -17 + (2 - 4)
0
What is (2 - (-2 + 0)) + -110 + 76?
-30
What is the value of 0 + (5 - (11 - -1)) - (12 + -8)?
-11
What is -96 - -118 - (-1 + 17) - 21?
-15
-63 + 138 + -52 + -15 + -2
6
-14 + 17 + (8 - 3) + -10
-2
Calculate 10 + -12 + -3 + -1.
-6
Calculate -4 - (1 - 17) - (-7 - -11).
8
What is the value of -82 + 9 + 62 + (-26 - -2)?
-35
What is -8 + 1 - (-58 - -45)?
6
Evaluate -26 + (12 - -8) - (-4 + -1 + -5).
4
Calculate -376 + 335 + (38 - 1).
-4
Calculate -28 + (20 - (-2 + 26)).
-32
Calculate (10 - (15 - (-7 - 2))) + -14.
-28
Calculate (11 + -4 + 0 - 17) + -8.
-18
What is (-3 - -3) + (5 - 11 - (4 - 3))?
-7
Evaluate (5 + 12 + -9 - -1) + -24.
-15
2 + (-9 - -12) + -26 + 6
-15
Calculate -5 - (-13 + 12 - 6).
2
What is the value of (-7 - (-2 + (7 - 8))) + 6?
2
11 - (10 - -13) - (0 + -3 - 4)
-5
329 - 326 - (13 - 0)
-10
Evaluate 4 + (-6 + -1 + -119 + 128 - 6).
0
Calculate 27 - 64 - -58 - 38.
-17
Calculate 3 + 4 + (-9 - 3).
-5
What is -4 + 0 - (-7 + 19)?
-16
What is -154 + 89 + (3 - -32)?
-30
Evaluate 205 - 210 - (-1 + -17).
13
What is the value of -4 - 12 - (-10 + (2 - -2))?
-10
Calculate -13 - (0 - (3 - 4 - -5)).
-9
Evaluate 30 + (11 - (56 + -19)).
4
What is the value of 16 + -30 + (-4 - -4)?
-14
Calculate 15 + 5 + -11 - (19 - 20).
10
22 + -21 + -7 + (2 - -15 - -1)
12
What is -10 + (-17 - -18) + 15?
6
23 + 0 - (-271 + 276)
18
-11 - (-45 - -17 - -42)
-25
What is the value of (9 - (3 - (-9 + -1)) - 5) + -4?
-13
What is -40 + 68 + (-1 - -10) + -21?
16
What is (30 - 57 - -20) + 18?
11
What is (32 + -2 - 1) + -1 + -1 - -11?
38
What is the value of (-15 - (17 - 13)) + -21 - -18?
-22
(-1 - 12) + 0 + (7 - (5 + 6))
-17
What is the value of -5 + 15 + -29 - -21?
2
6 + 0 + (-18 - (-20 + 15 - 29))
22
What is the value of -16 + (3 - -1) + 5 + -6 + 4?
-9
Evaluate -45 + 77 - 27 - (19 + (1 - 0)).
-15
What is the value of 7 - -8 - (1 + -10) - (5 + 0)?
19
1034 + -1028 + (6 - (1 - (-2 + 1)))
10
Calculate (-37 - -5) + 40 + -17.
-9
Calculate 5 + -1 + -29 - (-7 + -3).
-15
(9 - 0) + -10 + 0 + 1 + 2
2
Evaluate 23 + -28 - (16 + -17).
-4
What is 28 + (3 + 3 - (-42 - -61))?
15
What is the value of 277 + -305 - (0 + -8)?
-20
Calculate -1 + (-3 - 3) + 17 + -24.
-14
What is -7 - 1 - (-55 - -54)?
-7
What is the value of 5 - (19 + -21 + 5) - (-2 - 12)?
16
Calculate -10 + 19 + -6 + -13.
-10
What is the value of -8 + (1 + 0 - 2) - (-40 - -54)?
-23
Evaluate -4 + 11 - 38 - (-6 + -3 + 3).
-25
What is the value of (11 - -4) + -6 + -1?
8
-2 + 1 + -4 - (42 - 44) - -1
-2
Calculate (17 - -2) + -3 + (-7 - 0 - -2).
11
-7 - (3 + -17 - -6 - (-5 + -4))
-8
What is the value of 5 + (11 - 11) - 6?
-1
Evaluate (4 - (-17 - -10 - (0 + -4))) + 5.
12
Calculate 13 + 5 + -2 + (8 - (10 - 5)).
19
Calculate 18 - 1 - (4 + -2) - 4.
11
-25 + 21 + (8 - 5 - -3)
2
(17 + -34 - -25) + (10 - 0 - 2)
16
-3 - 6 - (-18 - (28 - 19))
18
1 + 11 + -4 + -4 + 22 + -6
20
What is the value of -2 + -8 + 4 + 0 + 11?
5
What is the value of 6 + 3 - (-11 + 7 + 0)?
13
What is the value of (-7 - (-4 - -7)) + -10 + -13 + 19?
-14
What is 2 - (29 - (44 + -6))?
11
What is 1434 - 1443 - (0 - (2 - -14))?
7
Evaluate 5 - (5 + -20) - (1 + -1).
20
Calculate (-3 - 7) + 6 + 1 + 6.
3
Calculate (16 - 45) + 24 + -13.
-18
What is (-9 + -9 + 52 + -7 - 5) + 2?
24
Calculate -12 + -20 + 32 + 3.
3
18 - (4 - (6 - (-7 + 11) - 2))
14
Calculate 2 - (-2 + (2 - -11)) - 8.
-17
What is the value of 1 + -13 + 4 + -8 - (6 + -7)?
-15
What is (9 - (25 - 23)) + (3 - 0)?
10
(3 - -2) + (-33 - -12 - -26)
10
4 + (6 + -4 + 3 - 15) - -8
2
Evaluate 6 + (-9 + 13 - 5).
5
1 + -4 + 4 + (3 - (-4 + 0))
8
Evaluate 15 + -24 + (-3 - (-20 + 2)).
6
Evaluate (-8 + 0 - -6) + (0 - 4 - -22).
16
Calculate 2 - (-15 - (-12 + 4) - -6).
3
What is the value of 93 - 89 - (2 + (2 - 3))?
3
Evaluate (-142 - -139) + -6 + -2.
-11
Calculate 0 - -22 - ((-2 - -6) + (8 - 9)).
19
What is 20 + -8 + -11 + -5?
-4
What is (-21 - -45 - 50) + -1?
-27
What is the value of 11 + 23 + -9 + -38?
-13
Calculate -28 - (-29 - (10 - 24)).
-13
-8 + (1 - (2 + -5)) + 6 + 23
25
8 + -13 - -5 - 4
-4
Evaluate 12 + (-1 - (10 - 16 - -11)).
6
Evaluate (-19 - -7 - -12) + -10 + 19.
9
Evaluate 10 - (7 + -6 + 0) - (71 + -42).
-20
What is -7 - ((3 - -25) + -51)?
16
What is the value of (-10 - (3 - 4 - 3)) + 3?
-3
Evaluate 44 + -49 - (1 + (3 - 3) + 2).
-8
Evaluate -1 + (28 - 3) - (5 + 6 + -3).
16
Evaluate 21 - (36 - 16) - 31.
-30
Evaluate -11 + 1 + 5 - ((-15 - -6) + 10).
-6
Calculate 4 + (1 + -20 - -26) + -38.
-27
Calculate 10 - (-12 - -21) - (-2 - (-3 - -3)).
3
Calculate 23 - (-20 - -18) - 13.
12
-21 + 22 - 8 - (-15 - 1)
9
What is -20 + 7 + (7 - 3 - -19)?
10
Evaluate (-17 - (21 + -48)) + -17.
-7
What is (0 - 3) + (-69 - -71) - (-9 - -8)?
0
What is the value of -8 + (3 - (-5 - -6) - (10 + -4))?
-12
What is the value of -14 + 5 + -8 + 25 + -8?
0
-4 + 13 + -7 - -1 - -4
7
Evaluate (19 - 7) + -18 + 12 - 20.
-14
What is -1 + 2 + -2 + 784 + -815?
-32
Calculate -8 - (21 - 2) - (-5 + (9 - 2)).
-29
What is 5 + -8 + -2 + -1 + 1 + 8?
3
Calculate -1 - -32 - 1 - (-20 + (7 - -17)).
26
Evaluate -29 + 30 - (-3 - (2 - 8)).
-2
What is -27 + (43 - 7 - -26)?
35
What is -16 - (-23 + 0) - 16?
-9
Calculate 3 + -2 - 4 - (-2 - -5).
-6
What is the value of -270 + 271 - ((4 - (0 + -2)) + 1)?
-6
Calculate 8 + -10 + 1 + 14.
13
Calculate 2 + 1 - (-15 + 7 + 7 - -3).
1
What is the value of (-2 - -2 - -4) + (10 - 5) + -12?
-3
(11 - 16) + (2 - -1) + 1 + 7
6
35 - ((4 - 8) + 59)
-20
What is (-39 - -44) + (-13 - 0)?
-8
What is 5 - (6 - (0 - (-1 + 7)))?
-7
What is 11 + 0 - (1 - 1) - (-331 + 334)?
8
What is (0 - 0) + -2 + (-43 + 10 - -56)?
21
What is the value of -19 + 3 + (28 + -2 - 12)?
-2
Evaluate (-4 - -4) + 6 + 1 + 298 + -275.
30
What is the value of 7 - (5 - -8) - (-2 - 15)?
11
Calculate 3 - 0 - (-3 - 7).
13
What is (6 + -1 + 13 - 2) + -5?
11
What is -1 + 10 + (-103 - -52) + 14?
-28
Calculate 23 + -13 + 17 + -9.
18
What is the value of 7 - 0 - (1 - (11 - 5))?
12
Calculate 21 - (1 + 20 - (-12 + 22)).
10
-7 + 19 + (-3 + -1 - -8) - 0
16
Calculate -2 - (-22 + 3 + 11).
6
What is the value of 6 + -13 + 4 + -13 + 4 + -2?
-14
What is the value of 11 - 20 - (2 - (3 - -3))?
-5
What is the value of (-31 - -14) + -12 + 37?
8
What is (-11 - (-5 - -9 - -3)) + -12?
-30
What is -3 + (-23 - -35) + -16?
-7
What is -60 + 72 - (-4 + 19)?
-3
(1 + -3 - 14) + (21 + -3 - 10)
-8
What is the value of -11 - ((-38 - -76 - 17) + (-12 - 0))?
-20
What is (-8 - 6) + 9 - (-1 + -5) - 18?
-17
Calculate 74 - 67 - (-2 + 1).
8
What is -17 - (124 - 105 - (0 - -12))?
-24
Evaluate -8 - (-15 - (1 - 8)).
0
What is the value of (-8 + 21 - 10) + (-4 - -3)?
2
Evaluate -5 - (-3 + 35 - 24).
-13
What is -10 + (-3 - (-37 + 1)) - (8 - 3)?
18
What is the value of 23 + -7 - 1 - (10 + 11)?
-6
What is the value of -40 - (-5 - 33) - -20?
18
Calculate 0 + 9 + (-16 - 1 - -5).
-3
What is the value of -2 - 2 - ((-27 - -16) + 13)?
-6
What is -19 - -20 - (-3 - 9)?
13
Evaluate ((21 - 16) + -3 - -14) + -42.
-26
What is (-1 - (0 - 1)) + (-62 - -39 - -14)?
-9
What is 3 + 22 + (3 - 11)?
17
0 + -3 - (23 + -2 + 4)
-28
Evaluate 2 + (-2 - -8 - 1).
7
Calculate (-64 + 85 - (0 - -7)) + -8.
6
What is 1 + -